 of 436810?
8
What is the millions digit of 3638465?
3
What is the tens digit of 250748?
4
What is the ten thousands digit of 4314833?
1
What is the ten millions digit of 29368455?
2
What is the hundreds digit of 2607596?
5
What is the tens digit of 1617482?
8
What is the millions digit of 40988350?
0
What is the ten thousands digit of 832064?
3
What is the hundreds digit of 2499331?
3
What is the thousands digit of 421523?
1
What is the hundred thousands digit of 191071?
1
What is the thousands digit of 733708?
3
What is the tens digit of 7898?
9
What is the hundreds digit of 14162619?
6
What is the hundred thousands digit of 292453?
2
What is the ten thousands digit of 2923123?
2
What is the thousands digit of 4321437?
1
What is the ten thousands digit of 19904910?
0
What is the ten thousands digit of 14251?
1
What is the hundred thousands digit of 666598?
6
What is the hundred thousands digit of 164005?
1
What is the thousands digit of 13717484?
7
What is the hundred thousands digit of 23644942?
6
What is the units digit of 1912?
2
What is the hundred thousands digit of 3221905?
2
What is the ten thousands digit of 87550?
8
What is the units digit of 169742?
2
What is the millions digit of 34547587?
4
What is the thousands digit of 4251606?
1
What is the units digit of 6454?
4
What is the tens digit of 4371119?
1
What is the millions digit of 4828055?
4
What is the hundred thousands digit of 726491?
7
What is the ten thousands digit of 11674973?
7
What is the thousands digit of 256482?
6
What is the hundreds digit of 6256564?
5
What is the hundred thousands digit of 180278?
1
What is the tens digit of 210169?
6
What is the units digit of 18367237?
7
What is the hundred thousands digit of 845459?
8
What is the hundred thousands digit of 6158208?
1
What is the units digit of 454077?
7
What is the hundred thousands digit of 5040334?
0
What is the ten thousands digit of 2131703?
3
What is the thousands digit of 3075270?
5
What is the thousands digit of 78758?
8
What is the millions digit of 2049166?
2
What is the ten thousands digit of 698644?
9
What is the hundred thousands digit of 3032304?
0
What is the thousands digit of 1167975?
7
What is the ten thousands digit of 197077?
9
What is the hundreds digit of 12287796?
7
What is the millions digit of 5700953?
5
What is the hundreds digit of 1117291?
2
What is the hundreds digit of 349566?
5
What is the hundreds digit of 296987?
9
What is the thousands digit of 5623525?
3
What is the units digit of 523031?
1
What is the millions digit of 1217495?
1
What is the ten thousands digit of 1538268?
3
What is the units digit of 4685349?
9
What is the hundreds digit of 383224?
2
What is the thousands digit of 328251?
8
What is the millions digit of 2913100?
2
What is the ten thousands digit of 66138?
6
What is the thousands digit of 4660682?
0
What is the millions digit of 5326952?
5
What is the units digit of 19577448?
8
What is the millions digit of 5410960?
5
What is the hundreds digit of 573402?
4
What is the thousands digit of 1116953?
6
What is the hundred thousands digit of 1012121?
0
What is the tens digit of 10213879?
7
What is the hundred thousands digit of 2049609?
0
What is the millions digit of 3512650?
3
What is the units digit of 617111?
1
What is the hundreds digit of 277718?
7
What is the tens digit of 1693170?
7
What is the ten thousands digit of 27974566?
7
What is the hundred thousands digit of 484437?
4
What is the ten thousands digit of 6338229?
3
What is the units digit of 2489574?
4
What is the tens digit of 3386542?
4
What is the hundred thousands digit of 487258?
4
What is the hundreds digit of 87358?
3
What is the ten thousands digit of 216272?
1
What is the millions digit of 1142974?
1
What is the hundreds digit of 120376?
3
What is the units digit of 374321?
1
What is the millions digit of 24459875?
4
What is the hundred thousands digit of 107793?
1
What is the thousands digit of 6822502?
2
What is the hundred thousands digit of 1220134?
2
What is the tens digit of 312501?
0
What is the millions digit of 3484583?
3
What is the hundred thousands digit of 374728?
3
What is the hundreds digit of 2802723?
7
What is the units digit of 3019324?
4
What is the ten thousands digit of 221087?
2
What is the tens digit of 141343?
4
What is the tens digit of 987729?
2
What is the ten thousands digit of 182985?
8
What is the hundreds digit of 19748286?
2
What is the units digit of 1001466?
6
What is the hundred thousands digit of 783323?
7
What is the hundred thousands digit of 1347472?
3
What is the thousands digit of 16823949?
3
What is the thousands digit of 114995?
4
What is the ten thousands digit of 5917610?
1
What is the units digit of 373776?
6
What is the tens digit of 67016?
1
What is the tens digit of 654527?
2
What is the thousands digit of 11394280?
4
What is the ten thousands digit of 3125256?
2
What is the hundred thousands digit of 7510282?
5
What is the hundred thousands digit of 9072265?
0
What is the ten thousands digit of 4699799?
9
What is the hundred thousands digit of 2358782?
3
What is the units digit of 411357?
7
What is the ten thousands digit of 391075?
9
What is the hundred thousands digit of 114269?
1
What is the hundred thousands digit of 120098?
1
What is the hundreds digit of 113841?
8
What is the units digit of 2265931?
1
What is the hundred thousands digit of 299385?
2
What is the tens digit of 1606331?
3
What is the hundreds digit of 10639932?
9
What is the hundred thousands digit of 4244969?
2
What is the thousands digit of 8559868?
9
What is the tens digit of 939675?
7
What is the tens digit of 353966?
6
What is the hundreds digit of 1528216?
2
What is the thousands digit of 4879376?
9
What is the hundreds digit of 3802693?
6
What is the hundred thousands digit of 10071696?
0
What is the hundred thousands digit of 13159490?
1
What is the ten thousands digit of 5330992?
3
What is the hundred thousands digit of 2299371?
2
What is the thousands digit of 262858?
2
What is the hundred thousands digit of 309905?
3
What is the hundred thousands digit of 225472?
2
What is the hundred thousands digit of 459599?
4
What is the units digit of 138083?
3
What is the units digit of 7833852?
2
What is the hundreds digit of 844092?
0
What is the hundreds digit of 7178578?
5
What is the millions digit of 13725122?
3
What is the thousands digit of 12089482?
9
What is the tens digit of 1940833?
3
What is the hundred thousands digit of 19865595?
8
What is the units digit of 1089677?
7
What is the ten thousands digit of 1976364?
7
What is the thousands digit of 967611?
7
What is the hundreds digit of 4006422?
4
What is the ten thousands digit of 51815?
5
What is the tens digit of 1292324?
2
What is the thousands digit of 1331632?
1
What is the tens digit of 270386?
8
What is the hundred thousands digit of 3679495?
6
What is the units digit of 993542?
2
What is the hundreds digit of 6707766?
7
What is the units digit of 664068?
8
What is the ten thousands digit of 297234?
9
What is the millions digit of 1120194?
1
What is the thousands digit of 3442253?
2
What is the tens digit of 322842?
4
What is the units digit of 4030705?
5
What is the hundreds digit of 139692?
6
What is the thousands digit of 1385009?
5
What is the millions digit of 21943666?
1
What is the hundreds digit of 336201?
2
What is the tens digit of 2539511?
1
What is the units digit of 394110?
0
What is the tens digit of 24809565?
6
What is the ten thousands digit of 196279?
9
What is the thousands digit of 921076?
1
What is the units digit of 5956505?
5
What is the tens digit of 2023762?
6
What is the hundred thousands digit of 875429?
8
What is the hundreds digit of 16876578?
5
What is the hundreds digit of 3000314?
3
What is the tens digit of 182017?
1
What is the hundreds digit of 2769260?
2
What is the tens digit of 15746576?
7
What is the hundreds digit of 10152124?
1
What is the thousands digit of 8657953?
7
What is the ten thousands digit of 9014671?
1
What is the millions digit of 4501484?
4
What is the ten thousands digit of 2851704?
5
What is the hundred thousands digit of 9580582?
5
What is the thousands digit of 299290?
9
What is the units digit of 250709?
9
What is the units digit of 493592?